{"version":"1.0","provider_name":"Evangelischer Regionalverband","provider_url":"https:\/\/evangelische-beratung.com\/en","author_name":"claudinekuschel","author_url":"https:\/\/evangelische-beratung.com\/en\/blog\/author\/claudinekuschel\/","title":"Migration &amp; Flight - Evangelischer Regionalverband","type":"rich","width":600,"height":338,"html":"<blockquote class=\"wp-embedded-content\" data-secret=\"vWNcP4VN35\"><a href=\"https:\/\/evangelische-beratung.com\/en\/migration-flucht\/\">Migration &amp; Flight<\/a><\/blockquote><iframe sandbox=\"allow-scripts\" security=\"restricted\" src=\"https:\/\/evangelische-beratung.com\/en\/migration-flucht\/embed\/#?secret=vWNcP4VN35\" width=\"600\" height=\"338\" title=\"&#8220;Migration &amp; Flight&#8221; &#8212; Evangelischer Regionalverband\" data-secret=\"vWNcP4VN35\" frameborder=\"0\" marginwidth=\"0\" marginheight=\"0\" scrolling=\"no\" class=\"wp-embedded-content\"><\/iframe><script type=\"text\/javascript\">\n\/* <![CDATA[ *\/\n\/*! This file is auto-generated *\/\n!function(d,l){\"use strict\";l.querySelector&&d.addEventListener&&\"undefined\"!=typeof URL&&(d.wp=d.wp||{},d.wp.receiveEmbedMessage||(d.wp.receiveEmbedMessage=function(e){var t=e.data;if((t||t.secret||t.message||t.value)&&!\/[^a-zA-Z0-9]\/.test(t.secret)){for(var s,r,n,a=l.querySelectorAll('iframe[data-secret=\"'+t.secret+'\"]'),o=l.querySelectorAll('blockquote[data-secret=\"'+t.secret+'\"]'),c=new RegExp(\"^https?:$\",\"i\"),i=0;i<o.length;i++)o[i].style.display=\"none\";for(i=0;i<a.length;i++)s=a[i],e.source===s.contentWindow&&(s.removeAttribute(\"style\"),\"height\"===t.message?(1e3<(r=parseInt(t.value,10))?r=1e3:~~r<200&&(r=200),s.height=r):\"link\"===t.message&&(r=new URL(s.getAttribute(\"src\")),n=new URL(t.value),c.test(n.protocol))&&n.host===r.host&&l.activeElement===s&&(d.top.location.href=t.value))}},d.addEventListener(\"message\",d.wp.receiveEmbedMessage,!1),l.addEventListener(\"DOMContentLoaded\",function(){for(var e,t,s=l.querySelectorAll(\"iframe.wp-embedded-content\"),r=0;r<s.length;r++)(t=(e=s[r]).getAttribute(\"data-secret\"))||(t=Math.random().toString(36).substring(2,12),e.src+=\"#?secret=\"+t,e.setAttribute(\"data-secret\",t)),e.contentWindow.postMessage({message:\"ready\",secret:t},\"*\")},!1)))}(window,document);\n\/\/# sourceURL=https:\/\/evangelische-beratung.com\/en\/wp-includes\/js\/wp-embed.min.js\n\/* ]]> *\/\n<\/script>\n","thumbnail_url":"https:\/\/evangelische-beratung.com\/en\/wp-content\/uploads\/sites\/3\/2019\/08\/Beratung-Migranten-und-Flu\u0308chtlinge-e1565887816187.jpg","thumbnail_width":2048,"thumbnail_height":768,"description":"We provide counselling, advice and support in any personal, legal and social issues regarding your stay in Germany. Our consultations are confidential and free of charge. Contact us \u2013 we\u2019ll work together to find a solution. Your contact persons at Evangelisches Zentrum am Wei\u00dfen Stein Your contact persons at Evangelisches&nbsp;Zentrum f\u00fcr&nbsp;Beratung in H\u00f6chst Your contact [&hellip;]"}

We provide counselling, advice and support in any personal, legal and social issues regarding your stay in Germany. Our consultations are confidential and free of charge. Contact us – we’ll work together to find a solution. Your contact persons at Evangelisches Zentrum am Weißen Stein Your contact persons at Evangelisches&nbsp;Zentrum für&nbsp;Beratung in Höchst Your contact [&hellip;]
